 of 6073636?
6
What is the hundreds digit of 616495?
4
What is the tens digit of 9076537?
3
What is the millions digit of 1280866?
1
What is the ten thousands digit of 14081427?
8
What is the thousands digit of 688330?
8
What is the tens digit of 866644?
4
What is the hundreds digit of 190762?
7
What is the hundred thousands digit of 246128?
2
What is the thousands digit of 1452333?
2
What is the units digit of 9846652?
2
What is the ten thousands digit of 1584478?
8
What is the tens digit of 29440?
4
What is the ten thousands digit of 1683198?
8
What is the millions digit of 2863898?
2
What is the units digit of 9163398?
8
What is the hundred thousands digit of 680185?
6
What is the units digit of 42669?
9
What is the tens digit of 36600056?
5
What is the thousands digit of 1847622?
7
What is the units digit of 14864016?
6
What is the units digit of 490250?
0
What is the millions digit of 19809772?
9
What is the hundred thousands digit of 11538204?
5
What is the units digit of 6272276?
6
What is the units digit of 12278083?
3
What is the units digit of 39526942?
2
What is the tens digit of 22051718?
1
What is the tens digit of 1820920?
2
What is the hundred thousands digit of 354491?
3
What is the hundreds digit of 286073?
0
What is the millions digit of 1312001?
1
What is the units digit of 10100981?
1
What is the units digit of 16582812?
2
What is the hundreds digit of 6909724?
7
What is the units digit of 5817885?
5
What is the millions digit of 4299414?
4
What is the hundred thousands digit of 2086256?
0
What is the hundred thousands digit of 611597?
6
What is the hundreds digit of 573794?
7
What is the ten thousands digit of 1893018?
9
What is the tens digit of 5534978?
7
What is the tens digit of 1330562?
6
What is the thousands digit of 149995?
9
What is the hundred thousands digit of 1132643?
1
What is the units digit of 1310001?
1
What is the thousands digit of 755426?
5
What is the thousands digit of 126312?
6
What is the ten thousands digit of 1457065?
5
What is the hundred thousands digit of 4837180?
8
What is the millions digit of 9492088?
9
What is the thousands digit of 288879?
8
What is the hundred thousands digit of 254596?
2
What is the units digit of 1391675?
5
What is the thousands digit of 120298?
0
What is the hundred thousands digit of 227558?
2
What is the tens digit of 237436?
3
What is the thousands digit of 64311?
4
What is the units digit of 297442?
2
What is the hundred thousands digit of 1113451?
1
What is the hundred thousands digit of 190346?
1
What is the thousands digit of 1365823?
5
What is the units digit of 205422?
2
What is the tens digit of 2711854?
5
What is the ten thousands digit of 628195?
2
What is the hundreds digit of 4875661?
6
What is the hundreds digit of 1314530?
5
What is the tens digit of 13651281?
8
What is the hundreds digit of 1208083?
0
What is the ten thousands digit of 106396?
0
What is the hundreds digit of 734223?
2
What is the hundreds digit of 280424?
4
What is the hundreds digit of 1284113?
1
What is the hundreds digit of 197518?
5
What is the units digit of 393410?
0
What is the hundreds digit of 284983?
9
What is the tens digit of 61575?
7
What is the thousands digit of 10238813?
8
What is the hundreds digit of 4146258?
2
What is the ten millions digit of 10923070?
1
What is the thousands digit of 420492?
0
What is the hundreds digit of 766936?
9
What is the thousands digit of 11663274?
3
What is the tens digit of 196431?
3
What is the ten thousands digit of 1730612?
3
What is the hundreds digit of 535298?
2
What is the hundred thousands digit of 137407?
1
What is the units digit of 4027628?
8
What is the thousands digit of 58111?
8
What is the millions digit of 4936127?
4
What is the units digit of 490038?
8
What is the units digit of 348554?
4
What is the tens digit of 3182497?
9
What is the ten millions digit of 28336418?
2
What is the ten thousands digit of 1396071?
9
What is the hundreds digit of 773196?
1
What is the ten thousands digit of 60725?
6
What is the hundred thousands digit of 137522?
1
What is the thousands digit of 172310?
2
What is the hundreds digit of 400986?
9
What is the thousands digit of 5374912?
4
What is the hundreds digit of 21680433?
4
What is the thousands digit of 3230745?
0
What is the millions digit of 2540389?
2
What is the units digit of 386268?
8
What is the tens digit of 7425913?
1
What is the ten thousands digit of 260156?
6
What is the ten thousands digit of 119695?
1
What is the hundreds digit of 2884981?
9
What is the ten thousands digit of 75153?
7
What is the millions digit of 18143139?
8
What is the hundred thousands digit of 432218?
4
What is the tens digit of 311323?
2
What is the ten millions digit of 30803612?
3
What is the ten thousands digit of 1263915?
6
What is the millions digit of 1066210?
1
What is the units digit of 13948433?
3
What is the hundred thousands digit of 2194360?
1
What is the ten thousands digit of 18797?
1
What is the thousands digit of 912714?
2
What is the thousands digit of 331772?
1
What is the units digit of 175778?
8
What is the millions digit of 4594372?
4
What is the hundred thousands digit of 142535?
1
What is the ten thousands digit of 18321979?
2
What is the hundreds digit of 46667?
6
What is the millions digit of 13310272?
3
What is the hundred thousands digit of 3807303?
8
What is the ten thousands digit of 44967?
4
What is the ten thousands digit of 10469091?
6
What is the millions digit of 3720173?
3
What is the hundreds digit of 28201?
2
What is the tens digit of 971934?
3
What is the millions digit of 2134448?
2
What is the hundreds digit of 8574607?
6
What is the hundreds digit of 188830?
8
What is the tens digit of 188759?
5
What is the units digit of 294482?
2
What is the hundred thousands digit of 837928?
8
What is the thousands digit of 115313?
5
What is the ten thousands digit of 89092?
8
What is the hundreds digit of 12463630?
6
What is the thousands digit of 543260?
3
What is the thousands digit of 1667947?
7
What is the millions digit of 1064645?
1
What is the ten thousands digit of 812994?
1
What is the ten thousands digit of 785303?
8
What is the hundred thousands digit of 29524215?
5
What is the millions digit of 1477010?
1
What is the units digit of 33827133?
3
What is the tens digit of 371940?
4
What is the units digit of 3126122?
2
What is the thousands digit of 21540808?
0
What is the hundreds digit of 19232882?
8
What is the thousands digit of 1734426?
4
What is the ten millions digit of 13187025?
1
What is the units digit of 4819789?
9
What is the tens digit of 1558204?
0
What is the hundred thousands digit of 361560?
3
What is the thousands digit of 1422522?
2
What is the hundred thousands digit of 2180112?
1
What is the millions digit of 11383147?
1
What is the ten thousands digit of 494405?
9
What is the tens digit of 2110684?
8
What is the ten thousands digit of 344916?
4
What is the units digit of 655267?
7
What is the tens digit of 38558?
5
What is the ten thousands digit of 7379772?
7
What is the millions digit of 10718199?
0
What is the units digit of 9518868?
8
What is the ten thousands digit of 135191?
3
What is the units digit of 271221?
1
What is the units digit of 180271?
1
What is the thousands digit of 63474?
3
What is the tens digit of 829707?
0
What is the ten thousands digit of 2831370?
3
What is the ten thousands digit of 5822966?
2
What is the ten thousands digit of 122337?
2
What is the hundred thousands digit of 1992980?
9
What is the thousands digit of 1908915?
8
What is the units digit of 944612?
2
What is the hundred thousands digit of 13357364?
3
What is the units digit of 2804252?
2
What is the units digit of 944799?
9
What is the thousands digit of 203597?
3
What is the units digit of 1911?
1
What is the hundreds digit of 558891?
8
What is the tens digit of 549494?
9
What is the units digit of 108674?
4
What is the units digit of 17367829?
9
What is the ten thousands digit of 73645?
7
What is the hundreds digit of 26790?
7
What is the hundreds digit of 769640?
6
What is the units digit of 353100?
0
What is the thousands digit of 1699238?
9
What is the tens digit of 23832?
3
What is the ten thousands digit of 25211711?
1
What is the ten thousan